at is the remainder when 274 is divided by -2 + 4/(-1) - -18*1?
10
Let i(w) = -w + 14. Let r be i(-18). Suppose -22*k = -24*k + r. What is the remainder when 44 is divided by k?
12
Suppose 0 = 18*j - 14*j + 436. Let u = j - -123. Calculate the remainder when 27 is divided by u.
13
Suppose -5*r + r = 4*a - 48, a = -5*r + 28. Calculate the remainder when 9/(18/(-8)) + 26 is divided by a.
6
Let y be (-3)/(3/(-4) - 0). Suppose y = 2*w - 6. Calculate the remainder when 17 - 1*(-4 + 2) is divided by w.
4
Let d(y) = 8*y**2 - 1. Let t be d(1). Let c = t + -1. What is the remainder when (-3 - (-153)/63) + (-67)/(-7) is divided by c?
3
What is the remainder when 144/3 + 8 - 8 is divided by 21?
6
Suppose 10 = 8*i - 6. Suppose -4*d - 5*l = -301, -i*l - 325 = -5*d + 2*l. What is the remainder when d is divided by 18?
15
Suppose 5*u - 53 = 112. Calculate the remainder when 218 is divided by u.
20
Suppose m - 5*b - 20 = 0, -m - 2*b = 4 - 10. Suppose i - m = 13. Calculate the remainder when i is divided by 13.
10
Suppose -5*t - 15 - 5 = -5*h, 2*t + 2*h + 24 = 0. Let j(a) = a + 3. Let p be j(t). Let r(y) = y**2 + 3*y + 6. What is the remainder when 47 is divided by r(p)?
15
Let j = 265 - 196. What is the remainder when j is divided by 38?
31
Let o(k) = 2*k**2 + 5*k - 35. What is the remainder when o(-9) is divided by 65?
17
Let f(k) = -2*k**2 - 7*k - 6. Let a be f(-7). Let w = a + 59. What is the remainder when 13 is divided by w?
1
Suppose -3*m + 3 + 18 = 0. Calculate the remainder when (-36)/8*(1 - 50/6) is divided by m.
5
Let a(g) = 45*g**2 + 21*g + 5. What is the remainder when a(-3) is divided by 88?
83
Suppose -3*z + 34 = 10. Calculate the remainder when 22 is divided by z.
6
Suppose y = 4*f + 47 + 50, 5*f + 4*y + 137 = 0. Let b be (-208)/(-7) - (-4)/14. Let q = f + b. Calculate the remainder when 14 is divided by q.
4
Let n = 96 + -73. Calculate the remainder when n is divided by 7.
2
Let q be 1/2 - 5/(-10). Suppose m - 5*m = -20. Calculate the remainder when 20 is divided by (m/(20/28))/q.
6
Let j(m) = -286*m + 2. Let s be j(-1). Suppose -s = -p - 2*p. What is the remainder when p is divided by 132/8*(0 - -2)?
30
Suppose -8*y - 1132 - 108 = 0. Let h = y - -170. What is the remainder when 57 is divided by h?
12
Suppose -t - 5 = 4*t. Let u(o) = 7*o**2 - 1. Let r be u(t). Suppose 4 = j - r. What is the remainder when 18 is divided by j?
8
Let c(d) = -d**2 - 7*d + 18. Let v be c(-7). What is the remainder when 1 - ((-1515)/v + (-3)/(-18)) is divided by 29?
27
Let g(s) = s**2 - 71. Calculate the remainder when 382 is divided by g(-13).
88
Suppose 0 = 2*n - 5*w + 17, -3*n - 16 = 4*w - 2*w. Suppose -5*y = -16 - 39. What is the remainder when y is divided by (4/n)/(9/(-54))?
3
Suppose 0 = -2*k + 5*c + 19, -3*k + 81 = c + 2*c. Let t(g) = 13*g - 516. Calculate the remainder when t(43) is divided by k.
21
Let z = 512 + -467. What is the remainder when z is divided by 13?
6
Calculate the remainder when 195 is divided by 135/(-81)*(-15 + 0).
20
Suppose 5*r + 4*m - 41 = 0, -8*r + 50 = -3*r - 5*m. Suppose 3*s = -12, -3*v + 2*v = 3*s - r. Calculate the remainder when 41 is divided by v.
20
Let o = -15 - -16. Let c be -4*o*(-1)/2. Let v = 9 + c. What is the remainder when v is divided by 8?
3
Let z(p) = -21*p + 38. What is the remainder when z(-5) is divided by 37?
32
Suppose 2*u + 4*v = -16, 2*u - 4*v = -u - 24. Let f = u + 14. Calculate the remainder when 47 is divided by (-66)/(f/(-2)) + 3.
22
Suppose 2*z + 220 = 4*t + 42, -5*t = -z - 221. What is the remainder when 118 is divided by t?
30
Let c(r) = r - 5. Let n be c(6). Let h(b) = 2*b**3 + b**2 + b - 1. Calculate the remainder when 6 is divided by h(n).
0
Let w = -549 + 886. What is the remainder when w is divided by 68?
65
Let s(b) = b + 33. Calculate the remainder when 962 is divided by s(-11).
16
Let f(n) = 15 + 3*n + 12*n + 4*n - 20. Suppose 3*r - 14 = 13. Calculate the remainder when f(1) is divided by r.
5
Suppose 0 = -3*x - 4*t + 67, 130*t = x + 125*t + 3. What is the remainder when 65 is divided by x?
14
Let g(q) = -18*q + 2. Let j be g(-3). Let z = -40 + j. Suppose 382*u + 236 = 386*u. What is the remainder when u is divided by z?
11
Suppose 0 = 2*z - 2*b - 42, 64*z - 54 = 62*z + 5*b. Calculate the remainder when 47 is divided by z.
13
Suppose -3*s + 5*x + 67 = 0, 2*s - 4*x - 11 - 31 = 0. Let t = -11597 - -11607. Calculate the remainder when s is divided by t.
9
Let a(f) = f**2 + 7*f - 9. Let c be a(-9). Suppose 58 = n - 5*v, -3*n - 2*v + 154 = 3*v. What is the remainder when n is divided by (-124)/(-9) + 2/c?
11
Let w(s) = 2*s**3 - s**2 - 4. Let d = 23 + -33. Calculate the remainder when ((-28)/d)/(3/15) is divided by w(2).
6
Suppose 6*n + 15 = n, -2*n + 504 = 5*t. Calculate the remainder when t/4*(-18)/(-27) is divided by 6/(4/(-3) + 2).
8
Calculate the remainder when 54 is divided by ((-7)/(-2))/((-114)/(-228)).
5
Suppose 0 = l + 5*r - 86 - 83, 0 = -4*r + 4. What is the remainder when l is divided by 10?
4
Suppose -3*h = -0*d + d + 25, 5*h = -3*d - 35. Calculate the remainder when (24/h)/(0 + (-2)/20) is divided by 7.
3
Let t(j) = -13*j. Let s be (2/(-4))/((-2)/(-116)). Let v = 36 + s. Calculate the remainder when t(-1) is divided by v.
6
What is the remainder when 185 is divided by (7 + -4 - 3) + 10 + 1?
9
Let o(g) = 161*g - 953. Let q = -5 - -7. What is the remainder when q + -2 - (-40 - -2) is divided by o(6)?
12
Suppose -m = 4*p - 14 - 91, 110 = 5*p - 3*m. Calculate the remainder when p is divided by (8/(-4))/((-2)/9).
7
Let y(t) = -18 - 11 + 3 - 24*t + 2*t. What is the remainder when y(-6) is divided by 54?
52
What is the remainder when 313 is divided by (4/(-12))/((-11)/2673)?
70
Suppose -2*t + t = 2*w, 0 = -4*w + t. Suppose -5*u = -0*u + i - 270, w = 2*u - 4*i - 130. Let h = -28 + u. Calculate the remainder when h is divided by 7.
6
Let j be (-6)/(-6)*(0 + 1). What is the remainder when (324/(-21))/(-3*j/14) is divided by 25?
22
What is the remainder when 717 is divided by (60/14)/((-74)/(-259))?
12
Let d(x) = -x**3 - 5*x**2 - 2*x - 7. Suppose -5*h + 11 = -r, 4*r = 5*h + 1 - 0. Calculate the remainder when d(-5) is divided by h.
0
Let x(a) = a**3 + 7*a**2 + 6*a + 7. Let s be x(-6). Suppose 294 = s*v - 5*v. Suppose 0 = -d - d + 74. Calculate the remainder when v is divided by d.
36
Let z(l) = l**2 - 11*l + 20. Let q be z(9). Let a(t) = 3 + t**2 + t - 5*t + 3*t**q. Calculate the remainder when a(4) is divided by 13.
12
Let c = -91 - -133. Suppose 0 = 3*l - c + 21. Calculate the remainder when 12 is divided by l.
5
What is the remainder when 61887/69 + ((-56)/(-161))/4 is divided by 29?
27
Let t be 1/(-3) + (-1664)/(-24) + 0. What is the remainder when 88 is divided by (t/15 + -1)/(1/5)?
16
Let y(d) = -2*d**3 - 7*d**2 + 3*d + 6. Let x be (-1 + 2)/((-1)/(-14)). Suppose -s = 18 - x. What is the remainder when 39 is divided by y(s)?
9
Let k(o) = 3*o - 3. Let t(z) be the first derivative of -z**2/2 + 2*z - 4. Let g be t(-4). What is the remainder when 44 is divided by k(g)?
14
Let s be 1/3 + (-240)/(-36). Let m(z) = -2*z**2 + 15*z + 10. What is the remainder when m(s) is divided by 10?
7
Let l(r) = -3*r**3 - 2*r**2 - r - 2. Let s = -472 + 533. Calculate the remainder when s is divided by l(-2).
13
Let m = 84 + -33. Suppose 2*h - m = 5*h. Let v = h + 26. Calculate the remainder when 32 is divided by v.
5
Let u(z) = z**3 + 8*z**2 + 10*z + 7. Suppose 3*a = -v + 4 + 2, 30 = v - 3*a. Calculate the remainder when u(-5) is divided by v.
14
Suppose 2*s = 5*b + 4, -7*s = b - 3*s - 8. Suppose 4*r + 5 + 3 = b. What is the remainder when 59 is divided by (-5 + 41)*r/(-6)?
11
Suppose 2*r + 666 = 5*m, 2*r + 277 + 389 = m. Let o = -220 - r. What is the remainder when o is divided by 38?
37
Let l(m) = -3*m - 6. Let t be l(-3). Suppose t*j = 89 + 223. Suppose -5*f = -3*w + w + 52, j = 4*w - 4*f. What is the remainder when 102 is divided by w?
24
Let b(a) = -a**2 + 19*a + 17. Let z be 4/(-4 - (-38)/9). Calculate the remainder when b(z) is divided by 19.
16
Suppose -80 + 36 = -4*b. What is the remainder when 105 is divided by b?
6
Let d be (-4)/8 + (-10)/(-4). What is the remainder when 23/(-3*2/(-6)) is divided by -2*(2/(-1) - d)?
7
Let j = -788 + 1118. What is the remainder when j is divided by 42?
36
Let x be (12